94 = n. What is the greatest common divisor of v and 14?
14
Let l(f) = -f**2 + f**3 + 11*f + 3 - 11*f. Let o be l(3). What is the highest common factor of 7 and o?
7
Let n = -145 - -213. What is the highest common factor of 17 and n?
17
Suppose -42 = -4*h - 2*r, 4*h - 15 - 12 = 3*r. What is the highest common divisor of h and 45?
9
Let g = 14 - -22. Suppose -4*q + 2*q + 8 = 0. Calculate the greatest common factor of q and g.
4
Let v be (-72 - -1)*-12 + 1. Suppose l + 161 = g - 4*l, -5*g + l = -v. Calculate the highest common divisor of g and 19.
19
Let r = 14 + -29. Let s = r - -26. Calculate the greatest common divisor of 121 and s.
11
Let a be 0 - (1 + 0)*-2. Suppose a*r - 85 = 51. Let p = -40 + r. Calculate the highest common factor of p and 4.
4
Suppose 0 = -k - 95 + 15. Let t be ((-2)/4)/(2/k). Let f be 9 + (-2 - -2) + 1. What is the greatest common divisor of f and t?
10
Let f(i) = -i**3 - 4*i**2 + 8*i - 7. Let c be f(-7). What is the highest common factor of c and 28?
28
Suppose w + 9 = -9. Let y = 42 + w. Let u = 142 - 82. Calculate the greatest common factor of u and y.
12
Suppose -2*d + 5*v = -462, 2*v = 2*d - 27 - 423. Calculate the greatest common factor of 17 and d.
17
Let d = -6 + 9. Suppose 0*x + 42 = d*x. Let k(v) = -19*v - 3. Let p be k(-2). Calculate the highest common divisor of p and x.
7
Let m(s) = 17*s - 5. Let y be m(3). Let z be (-2)/(-9) - 562/18. Let u = z + y. Calculate the highest common factor of 6 and u.
3
Let h = -38 + 46. Calculate the greatest common factor of h and 32.
8
Let p(z) = z**2 - 7*z - 24. Let b be p(11). Calculate the greatest common divisor of b and 5.
5
Suppose i + 14 = -60. Let h = -44 - i. Let q(d) = 11*d**3 - 2*d**2 + 2*d - 1. Let z be q(1). Calculate the greatest common factor of h and z.
10
Let b = -14 + 0. Let s(x) = 3*x + 2. Let a be s(6). Let t = b + a. Calculate the highest common divisor of 9 and t.
3
Let g(w) = 4*w - 49. Let j be g(14). What is the greatest common factor of j and 14?
7
Let x(p) = -3*p - 21. Let u be x(-14). Let o = u + -11. Calculate the greatest common factor of 80 and o.
10
Let d(b) = -2*b - 4. Let n be d(-4). Calculate the greatest common factor of n and 10.
2
Let u be 1/(((-5)/(-580))/((-2)/(-4))). What is the highest common divisor of u and 145?
29
Let v(r) = 10*r**2 - 3*r + 2. Let d be v(2). Let o be -3 + (-3 - -4) - 5. Let f be 1 + 0 - (-1 + o). Calculate the greatest common divisor of f and d.
9
Suppose 3*b + 2*x = 137, 0 = 2*b - 7*x + 4*x - 113. Calculate the greatest common factor of b and 392.
49
Let t(s) = -s**3 - 2*s**2 - 4*s + 2. Let j be t(-4). What is the highest common divisor of 225 and j?
25
Let j be ((-7)/(-2) + -3)*4 + 31. Calculate the greatest common factor of 3 and j.
3
Suppose -5 = w - 2. Let z = 14 + -5. Let r be (z/12)/(w/(-12)). Calculate the greatest common divisor of 12 and r.
3
Let t = 78 + -72. What is the highest common divisor of 42 and t?
6
Suppose 5 = a - 5*m, 2*a + m - 10 = 55. What is the greatest common factor of a and 120?
30
Let w = 52 + -49. Calculate the highest common divisor of w and 3.
3
Let b = 57 - 51. What is the greatest common factor of 3 and b?
3
Suppose -4*s + 4*b = -40, b = 2*s + 4*b. Let i(l) = 2*l**2 - 6*l + 6. Let u be i(s). What is the greatest common factor of u and 6?
6
Let b(v) = -1 + 0*v**3 - 2*v**3 + v - 5*v**2 - 5*v - 3. Let s be b(-3). Suppose h = q + 87, -6 = -3*q + 6*q. What is the greatest common factor of h and s?
17
Suppose -6*m + 378 = 3*m. Calculate the greatest common factor of m and 63.
21
Let d(z) = z**3 - z**2 - z - 2. Let h be d(2). Suppose h = -5*w + 41 + 34. What is the greatest common factor of w and 30?
15
Suppose -f + 3 = 1. Let s(r) = r**3 + r**2 - 4*r + 3. Let w be s(f). Suppose 0 = 2*j - a - 46 + w, 3 = 3*a. What is the highest common factor of j and 10?
10
Suppose 3*r + 2*a = 11, -r - 2*a + 2 + 7 = 0. Let n be (40 + -1)*2/(-6). Let o = 21 + n. What is the highest common divisor of o and r?
1
Let j(r) = r**3 + r**2 - 5*r + 6. Let b be j(-3). Calculate the greatest common divisor of b and 27.
3
Let k(m) = -14*m - 3. Let p be k(-2). Let f = 32 - 28. Suppose f*t - p = -t. What is the highest common divisor of t and 30?
5
Suppose 265 = 2*y + y + 5*g, -3*g = -5*y + 385. Suppose 4*l + y = 5*m, m - l + 3*l - 30 = 0. What is the highest common divisor of m and 20?
20
Let x(c) = -4*c - 1. Let h be x(5). Let p be (-2)/7 - 1686/h. What is the highest common factor of p and 10?
10
Suppose 0 = -8*p + 4*p + 160. Calculate the highest common factor of 5 and p.
5
Let q(b) = 5*b**2 - 5*b - 10. Let m be q(-5). What is the greatest common factor of m and 56?
28
Suppose -2*s = -11 - 119. Let i(j) = -j**3 - j**2 + j + 33. Let t be i(0). Let g = -20 + t. Calculate the greatest common factor of s and g.
13
Let i = -10 - -9. Let b(d) = -12*d**3 + d + 1. Let g be b(i). What is the highest common factor of 24 and g?
12
Suppose 2*o + o - 54 = 0. Suppose -6 = -3*h + 2*h. What is the highest common factor of o and h?
6
Suppose -84 = -7*c + 98. What is the highest common divisor of c and 208?
26
Suppose 20*y - 16*y = 224. Calculate the greatest common divisor of 140 and y.
28
Let w be 4/18 + 2555/45. Suppose -z + 4*m = -42, z - 3*m - w = -13. Calculate the highest common divisor of z and 10.
10
Suppose -h = -i - 16 - 0, 5*h - 4*i - 78 = 0. Let m(g) = g**2 + 6*g - 5. Let n be m(4). What is the greatest common divisor of h and n?
7
Suppose -m + k - 7 = -4*k, -2*k - 2 = -m. Let v = m + -27. Let p be -1*(2 + -1) - v. What is the greatest common factor of p and 9?
9
Let c(w) be the first derivative of -w**3/3 + 5*w**2 - 8*w + 1. Let q be c(6). What is the greatest common divisor of 16 and q?
16
Suppose 3*w + 2*o = -2*w + 296, 54 = w + 3*o. Calculate the highest common divisor of 150 and w.
30
Let f be (-7)/(-2) - (-1)/2. What is the highest common factor of f and 44?
4
Let a = -2 + 2. Suppose a = -5*j - 93 + 613. Let d = -49 + j. Calculate the highest common factor of 11 and d.
11
Let c(v) = v**3 - 6*v**2 + 8*v - 4. Let o be (-9)/(-6)*-2*1. Let u = o + 8. Let k be c(u). Calculate the greatest common factor of k and 44.
11
Suppose 0 = 3*x - q - q + 44, q + 8 = -x. Let f be ((-8)/48)/(2/x). Let g be (1*-7)/(-1 - 0). Calculate the highest common divisor of g and f.
1
Suppose 0 = -2*h + 6, -h - 86 = -4*a - 3*h. What is the highest common factor of a and 8?
4
Suppose h - 7 = -w, 0 = 4*w - 0*w + 2*h - 18. Suppose -4*q + 14 = -w*q. Calculate the highest common divisor of q and 63.
7
Let p be (-23)/((-2)/28*2). Suppose -3*w = l - p, -w + 2*l + 198 = 3*w. Suppose -5*u + w = j + j, 0 = 3*j - 3. What is the greatest common factor of 80 and u?
10
Let s = -57 - -93. What is the greatest common divisor of 90 and s?
18
Let o = -1 + 3. Suppose -5*d = -o*v + v - 26, -2*v - 12 = -2*d. Let s = 65 - 10. Calculate the highest common factor of d and s.
5
Let q be (-233)/(-9) + (-6)/(-54). What is the highest common factor of 182 and q?
26
Suppose 3*f - 40 = 5*h, -4*f + 4*h = -21 - 43. Suppose m - 5*m = -f. Let g be (m/10)/(1/14). What is the highest common divisor of g and 56?
7
Let k be 24/(0 + (-2)/(-4)). Suppose -411 = -3*p - 2*t, 5*t + k + 72 = p. Suppose -5*f + p = -2*f. What is the greatest common divisor of f and 18?
9
Suppose -5*x = -0*x - 30. Calculate the highest common factor of 66 and x.
6
Let l be (6/(-4))/((-6)/8). Let x be (30/(-2))/((-3)/l). Let d be 1/((-3)/(-4))*3. What is the greatest common factor of d and x?
2
Let o be 2/(-5) + (-102)/(-5). Suppose 3*r + 140 = 4*r. What is the greatest common divisor of r and o?
20
Suppose 0*t - 20 = -t - 4*x, -184 = -5*t + x. Suppose 2*i + l = 24, -2 = -4*i + 3*l + t. Calculate the greatest common divisor of 77 and i.
11
Suppose u - 3*u + 3*r = -113, -4*u + r = -211. Calculate the highest common divisor of u and 13.
13
Let h = -19 - -134. What is the highest common factor of 23 and h?
23
Let s = -111 + 246. Let g(u) = -3*u + 3. Let z be g(-8). Calculate the highest common factor of z and s.
27
Suppose 4*f = 4*n - 16 + 4, 3*n - 5 = -f. Suppose -182 = -4*d + n*h - 0*h, 5*d - 2*h - 227 = 0. Let k = 30 + -21. What is the greatest common factor of k and d?
9
Let d be (-27 + -3)/(-1)*33/22. Let w(k) = k**2 - k - 1. Let p be w(-2). Calculate the greatest common divisor of d and p.
5
Let i(r